 1/2. Let m be (9/t - -71)/1. Suppose j = 5*k + 33, -j - 5*k + 5 = -m. Is j composite?
False
Let h(l) = 270*l**3 + 2*l - 1. Let f(d) = -d**3 - 9*d**2 - 9*d - 7. Let z be f(-8). Let w be h(z). Suppose -302 = -3*r + w. Is r a composite number?
False
Suppose -g = 5*t - 889, 2*g - 936 = -t + 842. Is g a composite number?
True
Let w = 143 + 576. Suppose -3*p + 40 = -w. Is p prime?
False
Suppose 2*l = 6*l. Let z(r) be the second derivative of r**4/12 + 163*r**2/2 + 4*r. Is z(l) composite?
False
Suppose 4*a - 4*s + 156 = 5*a, a - 151 = -3*s. Suppose -z - 9 = -a. Is z composite?
False
Let l be -1 + 6 - 0/1. Let a = l + 1. Is a a prime number?
False
Let v(s) = 396*s - 17. Is v(9) prime?
True
Suppose 0 = 2*d - 0 - 6. Let w = d - 2. Suppose 0 = -5*j + 21 - w. Is j a prime number?
False
Let x(c) = c**2 + 9*c + 6. Let t be x(-7). Is t/16 - 267/(-2) a composite number?
True
Let z(s) = 22*s**2 - 15*s + 10. Is z(9) composite?
False
Suppose 3*d = 1695 + 642. Is d composite?
True
Let g(z) = 2578*z**3 - z**2 + z + 1. Is g(1) a composite number?
False
Let j(n) = n**2 - 7*n - 3. Let r be j(6). Is (r + 10)/((-2)/(-1126)) a prime number?
True
Let u(z) = -z**2 - 7*z - 5. Let y be u(-6). Suppose -d + 2 = -y. Suppose 133 = 4*i - d. Is i prime?
False
Suppose -2*y + 3 = -y. Suppose g = -y*g + 8. Suppose -3*t = 15, g*i - 5*t + 0*t - 47 = 0. Is i a composite number?
False
Let k = -28 + 47. Is (k/(-4))/(2/(-56)) a prime number?
False
Suppose 3*d - 818 = 5*h, -4*h - 546 = 4*d - 6*d. Is d prime?
True
Suppose 3*p = 23 + 115. Is p a prime number?
False
Is 1/((-5)/(-2245))*2 a prime number?
False
Suppose 351 = 4*g + 3*i, -2*i - 1 + 3 = 0. Is g a composite number?
True
Suppose -10 + 421 = k + 2*f, 3*k - 5*f = 1222. Is k prime?
True
Suppose -44640 = -4*p - 8900. Is p a prime number?
False
Suppose -5*b = 3*w - 5364, -4*w + 4802 = -4*b - 2382. Is w prime?
False
Let c(o) = o**2 + 11*o - 4. Let y be c(-11). Let t be (10/6)/(y/12). Is (-37)/(-3)*(-75)/t prime?
False
Suppose v = 4*v - 1692. Let j = v + -353. Is j a composite number?
False
Let h be (-588)/(-20) - 4/10. Suppose -5*l - 3*s - 2 = 23, -15 = 3*l - 3*s. Let m = h - l. Is m a composite number?
True
Let o(y) = 8*y**2 - 12*y - 16. Let u be o(-11). Let z = u + -645. Is z a prime number?
True
Is (-14)/4*(-653 - 9) composite?
True
Let z = -3 + 7. Suppose -z + 99 = 5*m. Is m composite?
False
Suppose 0 = -j + 6*j - 2215. Is j a prime number?
True
Let l(o) = o**2 - 7*o + 5. Let d be l(7). Let s = d - 9. Is (-14)/3*18/s composite?
True
Let m(b) = b**2 - 7*b + 6. Let g be m(7). Suppose 4*w - 3*l = -7*l - 52, 0 = -3*l - 15. Let k = g - w. Is k a composite number?
True
Let o = -4043 - -7924. Is o a composite number?
False
Let z(a) = -a**3 - a**2 + a + 5. Let q be z(0). Let x(r) = 3*r**2 + 3*r + 3. Let o be x(3). Suppose -o + 219 = c + 3*l, 5*c - q*l = 880. Is c prime?
False
Suppose -74 = -4*k + u, -57 = -5*k + 4*u + 41. Let j = k - 33. Is ((-6)/j)/(3/30) a composite number?
True
Suppose -3*q = -8*q - 3*w + 629, -258 = -2*q + 2*w. Is q a composite number?
False
Suppose -3*h = 3 - 9. Suppose -4*y + 40 = 5*q, -4*y - 3*q + h*q = -40. Is y*2 - (-1 - -2) prime?
True
Suppose 3*b - p = 3*p + 233, 5*p = -b + 84. Suppose -b = 5*t - 264. Let u = t + -2. Is u a prime number?
False
Let w(o) = -o**3 + 10*o**2 - 8*o - 9. Let v be w(9). Suppose 4*q = t + 337, 2*q + 3*t - 106 - 45 = v. Is (1 - (-2 + 3)) + q prime?
True
Let j(a) = -2*a**3 + 4*a**2 - 8*a - 5. Let c be j(-5). Suppose -c = -4*n - n. Is n a prime number?
False
Let o be -10*2*(-3)/15. Suppose -2*s + 3*b = -b - 130, o*s + 5*b = 273. Is s a prime number?
True
Suppose 2*a = 2*q + 2, -5*q - 15 = 3*a + 2*a. Is (-4)/(-8)*(-26)/a prime?
True
Let a be ((-7530)/12)/((-2)/4). Suppose -5*v + 4*p + 736 = -519, -p = 5*v - a. Is v prime?
True
Let d(y) = -428*y - 1. Is d(-7) composite?
True
Let l(o) = o**3 - 4*o**2 - o. Let m be l(4). Let h(d) be the first derivative of -2*d**2 - 6*d - 21. Is h(m) prime?
False
Let i(u) = -6*u**3 - 21*u**2 - 4*u + 6. Is i(-5) composite?
False
Suppose 4*c = 2*a + 203 + 3455, -c - a = -910. Is c a composite number?
True
Let a be -4*(-3)/6 + -2. Suppose 3*o + a*o = 33. Is o prime?
True
Let b(o) = -4*o + 7. Is b(-3) a composite number?
False
Let f = 141 - 5. Let z = f - 23. Suppose 4*o = -21 + z. Is o prime?
True
Let k(i) = 33*i**2 - 3*i + 1. Let y = 4 + -2. Is k(y) a prime number?
True
Let c = -6 + 8. Suppose z + 77 = 3*z - h, c*h = -2*z + 68. Is z a composite number?
False
Let n be (-4 - -10)*1/2. Suppose j = 1 + n. Suppose j*r = -0*r + 84. Is r a prime number?
False
Let g be (-7)/((-14)/(-4)) - -17. Let p = g - -142. Is p a composite number?
False
Let b(h) be the third derivative of -7*h**6/3 - h**5/60 + h**4/24 + h**3/6 - h**2. Let g be b(-1). Suppose -2*n - n = -g. Is n a prime number?
False
Let j(a) be the third derivative of -a**4/24 - 4*a**3/3 + a**2. Let u be j(-6). Is (-25)/u - (-3)/6 a composite number?
False
Let t = -42 + 64. Suppose -5*g - 7 = -t. Suppose g*j - 50 - 67 = 0. Is j composite?
True
Let k(p) = 18*p**2 - 3*p - 4. Let o be (-20)/(-6) - (-10)/(-30). Is k(o) a prime number?
True
Let f = -884 - -2515. Is f composite?
True
Let o(p) = -6*p**3 - 3*p**2 + p + 3. Is o(-2) a composite number?
False
Let t = -22 - -38. Let w(k) = -k**3 + 16*k**2 + 7*k + 6. Is w(t) prime?
False
Suppose 5749 = 11*w - 15448. Is w a prime number?
False
Suppose 5*z = 2*z + 4*f - 1202, -f = -5*z - 1992. Let t = z - -583. Is t a composite number?
True
Let f be 0/3 - -141 - 1. Is (-4)/6 - f/(-12) prime?
True
Suppose -2204 = -5*o + o. Is o a composite number?
True
Let j be -2 - (1 - 0/(-3)). Let h = 2 - j. Suppose -h*f + 47 + 3 = 0. Is f a prime number?
False
Suppose 3*o - 2 - 7 = 0. Suppose 4*u - o*g - 298 = -u, -2*u + 115 = 3*g. Is u prime?
True
Suppose -x - 3*w = -1, 4*x - 2 = 2*x - 3*w. Let i(q) = 3 - q - 2 + 26*q**3 - q. Is i(x) prime?
False
Let z(o) = 17*o + 3 - 3. Suppose -2*a - 3*v = 0, 2*a + a - 1 = -4*v. Is z(a) a prime number?
False
Suppose -2*o = -670 - 328. Suppose 3*r + 2*l - o = 0, 2*r - 2*l - 326 = -0*l. Let c = -114 + r. Is c a composite number?
True
Suppose 2*v = 3 + 7. Suppose 0*j - 255 = -v*j. Let q = j + -32. Is q a prime number?
True
Let i(v) be the first derivative of 4 + 8*v**2 - 1/3*v**3 + 4*v. Is i(11) a prime number?
True
Suppose 3*r - 3*v - 282 - 1104 = 0, 5*r + 5*v - 2360 = 0. Is r prime?
True
Suppose 2*o = -o - 3*l + 24, 4*o - 11 = 3*l. Let u = o + -2. Suppose 0*f - 4*f + u*j = -39, 3*f - 8 = -2*j. Is f composite?
True
Let j(r) = r**3 - 8*r**2 + 6*r + 9. Let l be j(7). Suppose -58 = -2*y + 4*c - 2*c, 2*c - l = 0. Let w = y + -9. Is w prime?
False
Suppose 0 = -2*y - 0*y - 76. Let n(p) = -p**2 - 13*p - 17. Let f be n(-13). Let a = f - y. Is a a prime number?
False
Suppose -4*z + 43 - 7 = 0. Let l(f) = -f**3 + 9*f**2 + 2*f + 13. Is l(z) a prime number?
True
Let l(o) = o**2 + 10*o - 9. Let q be l(-10). Let s = 1 - q. Suppose s + 20 = 5*v. Is v composite?
True
Let g = 47 - -30. Let i = 36 + g. Is i composite?
False
Suppose -2 = -5*o + 4*o. Is 619 + 3 + -1 + o a composite number?
True
Suppose -71 = -0*q + 5*q + 4*c, -3*q - c = 37. Let f(p) = p**3 + 10*p**2 - 11*p + 10. Let y be f(q). Let v(t) = t**2 - 4*t - 7. Is v(y) prime?
True
Suppose -2*t = -4 - 4. Let g be (-916)/(-16)*1*t. Suppose 2*s - 2*x - 184 = -2*s, -5*s + 3*x + g = 0. Is s composite?
False
Let k(l) = -l**3 + l + 4. Let j be k(0). Suppose j*f - 83 = c, -4*f + f - 2*c = -65. Is f a composite number?
True
Let v(h) = 45*h - 1. Is v(2) a prime number?
True
Let k be (-4)/10 - 14584/40. Let r = k + 768. Is r a prime number?
False
Let n = 3 - 0. Let a be (-8)/(-40) + (-389)/(-5). Suppose n*w - 33 = a. Is w prime?
True
Let q be -5 + (2 + 0)/(-1). Let v = q - -5. Is 29/(v*3/(-42)) composite?
True
Let b be 1*(3 + -2)*131. Suppose -b = -2*i - 33. Is i a prime number?
False
Let m(j) be the second derivative of j**4 + 2*j**3/3 - 7*j**2/2 - 3*j. Is m(-6) a prime number?
True
Let h(s) = 1 + 1 - 4 - 11*s - 4. Let u be h(-4). Suppose -3*v + u = -v. Is v a prime number?
True
Let a = 65 + 122. Is a prime?
False
Let s(n) = n**3 + 6*n**2 + n + 1. Let h be s(-5). Suppose 4*l = 4, 0 = -r - l + h + 2. Is r composite?
True
Let g(a) = -19*a**2 + 4*a - 1. Let u(t) = t**2 - t. Let r(x) = -g(x) - 2*u(x). Is r(2) a prime number?
False
